{"id":1995,"date":"2021-04-07T12:38:09","date_gmt":"2021-04-07T12:38:09","guid":{"rendered":"https:\/\/fjkmrenneslaval.com\/sp-vfa37\/?page_id=1995"},"modified":"2021-04-07T12:45:15","modified_gmt":"2021-04-07T12:45:15","slug":"tantara-hisorique","status":"publish","type":"page","link":"https:\/\/fjkmrenneslaval.com\/sp-vfa37\/fjkm-2\/tantara-hisorique\/","title":{"rendered":"Tantara \/ Historique"},"content":{"rendered":"\n<p><\/p>\n<p>Ny Alahady 7 martsa 2010 no nanangana ny \u00ab\u00a0Vondrom-bavaka Rennes Laval\u00a0\u00bb tamin&rsquo;ny fanompoam-pivavahana Pasteure Rafalinirina Lalao Ang\u00e8le sy izahay 11 mianadahy tao an-tokantranon&rsquo;i Lova sy Micha\u00eblle RATODIARIVONY mivady tao Pont-P\u00e9an.<\/p>\n<p> <\/p>\n<div class=\"wp-block-image\">\n<figure class=\"aligncenter\"><img loading=\"lazy\" decoding=\"async\" width=\"1024\" height=\"768\" class=\"wp-image-1524\" src=\"http:\/\/fjkmrenneslaval.com\/wp-content\/uploads\/2019\/03\/FanagananaFJKM-RL7Mars2010PontPean-2-1024x768.jpg\" alt=\"\" srcset=\"https:\/\/fjkmrenneslaval.com\/wp-content\/uploads\/2019\/03\/FanagananaFJKM-RL7Mars2010PontPean-2-1024x768.jpg 1024w, https:\/\/fjkmrenneslaval.com\/wp-content\/uploads\/2019\/03\/FanagananaFJKM-RL7Mars2010PontPean-2-300x225.jpg 300w, https:\/\/fjkmrenneslaval.com\/wp-content\/uploads\/2019\/03\/FanagananaFJKM-RL7Mars2010PontPean-2-768x576.jpg 768w\" sizes=\"auto, (max-width: 1024px) 100vw, 1024px\" \/><\/figure>\n<\/div>\n<p> <\/p>\n<div class=\"wp-block-image\">\n<figure class=\"aligncenter is-resized\"><img loading=\"lazy\" decoding=\"async\" class=\"wp-image-1523\" src=\"http:\/\/fjkmrenneslaval.com\/wp-content\/uploads\/2019\/03\/FanagananaFJKM-RL7Mars2010PontPean-1-1024x768.jpg\" alt=\"\" width=\"588\" height=\"442\" srcset=\"https:\/\/fjkmrenneslaval.com\/wp-content\/uploads\/2019\/03\/FanagananaFJKM-RL7Mars2010PontPean-1-1024x768.jpg 1024w, https:\/\/fjkmrenneslaval.com\/wp-content\/uploads\/2019\/03\/FanagananaFJKM-RL7Mars2010PontPean-1-300x225.jpg 300w, https:\/\/fjkmrenneslaval.com\/wp-content\/uploads\/2019\/03\/FanagananaFJKM-RL7Mars2010PontPean-1-768x576.jpg 768w\" sizes=\"auto, (max-width: 588px) 100vw, 588px\" \/><\/figure>\n<\/div>\n<p> <\/p>\n<p class=\"has-text-align-left\">Ny Alahady 14 oktobra 2012 no notokanana ny \u00ab\u00a0Fiangonana FJKM Rennes Laval\u00a0\u00bb. Ny Fitokanana dia notarihan&rsquo;ny Mpitandrina Rakotonirina Charles, filohan&rsquo;ny Synodamparitany VFA 37, natrehan&rsquo;ny Mpitandrina isany : Pasteure Rafalinirina lalao Ang\u00e8le, Pasteure Rabearison Hanta Lalasoa, Pasteur Jean D&rsquo;Elinivo Emmanuel, Pasteur Lupon Yorann, ny biraon&rsquo;ny SP VFA 37, ireo solon-tena isam-piangonana ary ireo vahoakan&rsquo;Andriamanitra marobe.<\/p>\n<p> <\/p>\n<div class=\"wp-block-image\">\n<figure class=\"aligncenter is-resized\"><img loading=\"lazy\" decoding=\"async\" class=\"wp-image-187\" src=\"http:\/\/fjkmrenneslaval.com\/wp-content\/uploads\/2014\/11\/Fitokanana-14-10-2012-41-1024x768.jpg\" alt=\"\" width=\"579\" height=\"434\" srcset=\"https:\/\/fjkmrenneslaval.com\/wp-content\/uploads\/2014\/11\/Fitokanana-14-10-2012-41-1024x768.jpg 1024w, https:\/\/fjkmrenneslaval.com\/wp-content\/uploads\/2014\/11\/Fitokanana-14-10-2012-41-300x225.jpg 300w\" sizes=\"auto, (max-width: 579px) 100vw, 579px\" \/><\/figure>\n<\/div>\n<p> <\/p>\n<div class=\"wp-block-image\">\n<figure class=\"aligncenter\"><img loading=\"lazy\" decoding=\"async\" width=\"1024\" height=\"768\" class=\"wp-image-1530\" src=\"http:\/\/fjkmrenneslaval.com\/wp-content\/uploads\/2019\/03\/GateauFitokanana1-1024x768.jpg\" alt=\"\" srcset=\"https:\/\/fjkmrenneslaval.com\/wp-content\/uploads\/2019\/03\/GateauFitokanana1.jpg 1024w, https:\/\/fjkmrenneslaval.com\/wp-content\/uploads\/2019\/03\/GateauFitokanana1-300x225.jpg 300w, https:\/\/fjkmrenneslaval.com\/wp-content\/uploads\/2019\/03\/GateauFitokanana1-768x576.jpg 768w\" sizes=\"auto, (max-width: 1024px) 100vw, 1024px\" \/><\/figure>\n<\/div>\n<p> <\/p>\n<div class=\"wp-block-image\">\n<figure class=\"aligncenter\"><img loading=\"lazy\" decoding=\"async\" width=\"1024\" height=\"768\" class=\"wp-image-1529\" src=\"http:\/\/fjkmrenneslaval.com\/wp-content\/uploads\/2019\/03\/GateauFitokanana-1024x768.jpg\" alt=\"\" srcset=\"https:\/\/fjkmrenneslaval.com\/wp-content\/uploads\/2019\/03\/GateauFitokanana.jpg 1024w, https:\/\/fjkmrenneslaval.com\/wp-content\/uploads\/2019\/03\/GateauFitokanana-300x225.jpg 300w, https:\/\/fjkmrenneslaval.com\/wp-content\/uploads\/2019\/03\/GateauFitokanana-768x576.jpg 768w\" sizes=\"auto, (max-width: 1024px) 100vw, 1024px\" \/><\/figure>\n<\/div>\n<p><\/p>\n","protected":false},"excerpt":{"rendered":"","protected":false},"author":1,"featured_media":0,"parent":181,"menu_order":0,"comment_status":"closed","ping_status":"closed","template":"","meta":{"footnotes":""},"class_list":["post-1995","page","type-page","status-publish","hentry"],"_links":{"self":[{"href":"https:\/\/fjkmrenneslaval.com\/sp-vfa37\/wp-json\/wp\/v2\/pages\/1995","targetHints":{"allow":["GET"]}}],"collection":[{"href":"https:\/\/fjkmrenneslaval.com\/sp-vfa37\/wp-json\/wp\/v2\/pages"}],"about":[{"href":"https:\/\/fjkmrenneslaval.com\/sp-vfa37\/wp-json\/wp\/v2\/types\/page"}],"author":[{"embeddable":true,"href":"https:\/\/fjkmrenneslaval.com\/sp-vfa37\/wp-json\/wp\/v2\/users\/1"}],"replies":[{"embeddable":true,"href":"https:\/\/fjkmrenneslaval.com\/sp-vfa37\/wp-json\/wp\/v2\/comments?post=1995"}],"version-history":[{"count":4,"href":"https:\/\/fjkmrenneslaval.com\/sp-vfa37\/wp-json\/wp\/v2\/pages\/1995\/revisions"}],"predecessor-version":[{"id":2001,"href":"https:\/\/fjkmrenneslaval.com\/sp-vfa37\/wp-json\/wp\/v2\/pages\/1995\/revisions\/2001"}],"up":[{"embeddable":true,"href":"https:\/\/fjkmrenneslaval.com\/sp-vfa37\/wp-json\/wp\/v2\/pages\/181"}],"wp:attachment":[{"href":"https:\/\/fjkmrenneslaval.com\/sp-vfa37\/wp-json\/wp\/v2\/media?parent=1995"}],"curies":[{"name":"wp","href":"https:\/\/api.w.org\/{rel}","templated":true}]}}

<p></p>
<p>Ny Alahady 7 martsa 2010 no nanangana ny « Vondrom-bavaka Rennes Laval » tamin&rsquo;ny fanompoam-pivavahana Pasteure Rafalinirina Lalao Angèle sy izahay 11 mianadahy tao an-tokantranon&rsquo;i Lova sy Michaëlle RATODIARIVONY mivady tao Pont-Péan.</p>
<p> </p>
<div class="wp-block-image">
<figure class="aligncenter"><img loading="lazy" decoding="async" width="1024" height="768" class="wp-image-1524" src="http://fjkmrenneslaval.com/wp-content/uploads/2019/03/FanagananaFJKM-RL7Mars2010PontPean-2-1024x768.jpg" alt="" srcset="https://fjkmrenneslaval.com/wp-content/uploads/2019/03/FanagananaFJKM-RL7Mars2010PontPean-2-1024x768.jpg 1024w, https://fjkmrenneslaval.com/wp-content/uploads/2019/03/FanagananaFJKM-RL7Mars2010PontPean-2-300x225.jpg 300w, https://fjkmrenneslaval.com/wp-content/uploads/2019/03/FanagananaFJKM-RL7Mars2010PontPean-2-768x576.jpg 768w" sizes="auto, (max-width: 1024px) 100vw, 1024px" /></figure>
</div>
<p> </p>
<div class="wp-block-image">
<figure class="aligncenter is-resized"><img loading="lazy" decoding="async" class="wp-image-1523" src="http://fjkmrenneslaval.com/wp-content/uploads/2019/03/FanagananaFJKM-RL7Mars2010PontPean-1-1024x768.jpg" alt="" width="588" height="442" srcset="https://fjkmrenneslaval.com/wp-content/uploads/2019/03/FanagananaFJKM-RL7Mars2010PontPean-1-1024x768.jpg 1024w, https://fjkmrenneslaval.com/wp-content/uploads/2019/03/FanagananaFJKM-RL7Mars2010PontPean-1-300x225.jpg 300w, https://fjkmrenneslaval.com/wp-content/uploads/2019/03/FanagananaFJKM-RL7Mars2010PontPean-1-768x576.jpg 768w" sizes="auto, (max-width: 588px) 100vw, 588px" /></figure>
</div>
<p> </p>
<p class="has-text-align-left">Ny Alahady 14 oktobra 2012 no notokanana ny « Fiangonana FJKM Rennes Laval ». Ny Fitokanana dia notarihan&rsquo;ny Mpitandrina Rakotonirina Charles, filohan&rsquo;ny Synodamparitany VFA 37, natrehan&rsquo;ny Mpitandrina isany : Pasteure Rafalinirina lalao Angèle, Pasteure Rabearison Hanta Lalasoa, Pasteur Jean D&rsquo;Elinivo Emmanuel, Pasteur Lupon Yorann, ny biraon&rsquo;ny SP VFA 37, ireo solon-tena isam-piangonana ary ireo vahoakan&rsquo;Andriamanitra marobe.</p>
<p> </p>
<div class="wp-block-image">
<figure class="aligncenter is-resized"><img loading="lazy" decoding="async" class="wp-image-187" src="http://fjkmrenneslaval.com/wp-content/uploads/2014/11/Fitokanana-14-10-2012-41-1024x768.jpg" alt="" width="579" height="434" srcset="https://fjkmrenneslaval.com/wp-content/uploads/2014/11/Fitokanana-14-10-2012-41-1024x768.jpg 1024w, https://fjkmrenneslaval.com/wp-content/uploads/2014/11/Fitokanana-14-10-2012-41-300x225.jpg 300w" sizes="auto, (max-width: 579px) 100vw, 579px" /></figure>
</div>
<p> </p>
<div class="wp-block-image">
<figure class="aligncenter"><img loading="lazy" decoding="async" width="1024" height="768" class="wp-image-1530" src="http://fjkmrenneslaval.com/wp-content/uploads/2019/03/GateauFitokanana1-1024x768.jpg" alt="" srcset="https://fjkmrenneslaval.com/wp-content/uploads/2019/03/GateauFitokanana1.jpg 1024w, https://fjkmrenneslaval.com/wp-content/uploads/2019/03/GateauFitokanana1-300x225.jpg 300w, https://fjkmrenneslaval.com/wp-content/uploads/2019/03/GateauFitokanana1-768x576.jpg 768w" sizes="auto, (max-width: 1024px) 100vw, 1024px" /></figure>
</div>
<p> </p>
<div class="wp-block-image">
<figure class="aligncenter"><img loading="lazy" decoding="async" width="1024" height="768" class="wp-image-1529" src="http://fjkmrenneslaval.com/wp-content/uploads/2019/03/GateauFitokanana-1024x768.jpg" alt="" srcset="https://fjkmrenneslaval.com/wp-content/uploads/2019/03/GateauFitokanana.jpg 1024w, https://fjkmrenneslaval.com/wp-content/uploads/2019/03/GateauFitokanana-300x225.jpg 300w, https://fjkmrenneslaval.com/wp-content/uploads/2019/03/GateauFitokanana-768x576.jpg 768w" sizes="auto, (max-width: 1024px) 100vw, 1024px" /></figure>
</div>
<p></p>
